, 13
Let x = 22 - 12. Suppose x*a = 8*a + 54. What are the prime factors of a?
3
List the prime factors of ((-2)/8 - 0) + 2884/16.
2, 3, 5
Let j(t) = -2*t**3 - t**2 + t - 1. Let u be j(-3). Suppose -9 = -5*m + u. List the prime factors of 2/3 - m/(-3).
2
Let d(g) be the third derivative of -g**7/2520 - g**6/180 + g**5/30 + g**2. Let v(b) be the third derivative of d(b). What are the prime factors of v(-5)?
2, 3
Suppose 3*p = 2*s + 6, -2*s + 3*s + 17 = 5*p. List the prime factors of (-13)/(2/p*-1).
2, 13
Suppose 3*f - 313 = -100. Suppose -4*w + 183 - f = 0. What are the prime factors of w?
2, 7
List the prime factors of 11/((-55)/(-60)) + 1.
13
Suppose -2*d + 18 = -d. Let n = d + -13. List the prime factors of n.
5
What are the prime factors of ((-24)/(-30))/(2/220)?
2, 11
Suppose -113 = -3*k - 5*x, -3*k - 4*x + 171 = 2*k. List the prime factors of k.
31
Let s = 185 - 129. List the prime factors of s.
2, 7
Suppose i + 45 = 451. List the prime factors of 4/(-14) + i/49.
2
Let p(a) = 6*a + 2. Let q = -6 + 7. What are the prime factors of p(q)?
2
Let y(p) = 15*p - 10. What are the prime factors of y(4)?
2, 5
Let z be (-19)/(-5) - (-8)/(-10). Suppose u - 7 = 5*x - 129, -z = -u. What are the prime factors of x?
5
Let x(k) = -5*k + 3. Let d(w) = -4*w + 2. Let z(h) = 7*d(h) - 6*x(h). Let q be z(3). List the prime factors of (-5 + 2)/(q/(-6)).
3
Let k be (0 - 0)/(4 + -5). Suppose k*n - 3*o - 5 = 2*n, -3*n + 35 = -4*o. Suppose -5*j + 2*u + 71 = 21, j = n*u + 10. List the prime factors of j.
2, 5
Let n(m) = 8*m**2 - m - 2. What are the prime factors of n(2)?
2, 7
Let b = -121 + 258. What are the prime factors of b?
137
What are the prime factors of (-10 - -10) + (-268)/(-1)?
2, 67
Suppose 3*h + 102 = 6*h. What are the prime factors of h?
2, 17
Suppose -3*q + 10 = -5. Let s = 9 - q. List the prime factors of s.
2
Suppose 3*n - 49 - 235 = v, -4*n + 5*v + 386 = 0. List the prime factors of n.
2, 47
Let d be 2/((-7)/((-182)/4)). Suppose d + 49 = 3*g - 2*m, 68 = 3*g + m. List the prime factors of g.
2, 11
Suppose 0 = 5*q - 4*d - 63, 4*q - 4*d = 64 - 12. Suppose 3*l + 5*o = -6, -3*l + 3*o = -2*l - 12. Suppose -l*s = -q - 1. List the prime factors of s.
2
Let o = -57 + 114. What are the prime factors of o?
3, 19
Suppose n + 3*z = 2, -6*n + n + 22 = 3*z. Suppose -2*o + 3*c + 7 = 0, -o + 5*c + 9 + n = 0. What are the prime factors of (-3 + 10)*(-1)/o?
7
Let v = 232 - 157. List the prime factors of v.
3, 5
Suppose 5*l + 416 = 1426. List the prime factors of l.
2, 101
Suppose 0 = y - 5*y + 68. Suppose -2*l = -l - y. What are the prime factors of l?
17
Suppose -2*u + 0*u = 0. Let h = 2 + u. Suppose h*o - 38 = c - 5*c, -c = 4*o - 20. List the prime factors of c.
2
Let d(k) = 9*k + 12. What are the prime factors of d(6)?
2, 3, 11
Let h = -3 + 12. Suppose -5*p = -3*c - 145, -3*p + 107 + h = 4*c. What are the prime factors of p?
2
Let r = -84 - -122. Suppose -3*d = -r - 13. What are the prime factors of d?
17
Let y = 61 + -53. What are the prime factors of y?
2
Let a(i) = 20*i + 7*i**2 + 12*i - 30*i. What are the prime factors of a(-2)?
2, 3
Suppose -108 = -3*t - 3*z, t + 4*z = 5*t - 160. Suppose -o + 5*o - 5*d - t = 0, -4*o + 3*d + 42 = 0. Suppose 4*b - o = b. What are the prime factors of b?
2
Suppose 7*q - 4*q = 72. Suppose b - q = -11. List the prime factors of b.
13
Let k = 9 - 6. Let w = 8 - k. Suppose -4*y + w + 19 = 0. List the prime factors of y.
2, 3
Suppose -2*x - 26 = -0*x. Let c = x - -15. What are the prime factors of c?
2
Let g(z) = 2*z**2 - 14*z - 2. What are the prime factors of g(10)?
2, 29
Suppose 2*d - 24 = -2*d + 2*i, -5*i = 4*d + 4. Suppose s - 32 = 4*v - d, 5*s + 2*v = 96. List the prime factors of s.
2, 5
Suppose 0 = 14*a - 17*a + 201. List the prime factors of a.
67
Let j(s) = s. Let u(v) = -3*v - 8. Let n(l) = 6*j(l) + u(l). List the prime factors of n(9).
19
Suppose 110 = 4*d - 34. List the prime factors of d.
2, 3
Let a(t) = -11*t + 6. What are the prime factors of a(-9)?
3, 5, 7
Suppose 3*c = t + 3584, -4*c - 3*t = -6*c + 2394. List the prime factors of c/33 - (-4)/(-22).
2, 3
Let z(m) = 2*m**2 - m + 3. What are the prime factors of z(-3)?
2, 3
List the prime factors of (-189)/6*(0 + (-8)/6).
2, 3, 7
Let k(m) = -17*m - 7. Let n(u) = -86*u - 34. Let d(s) = -14*k(s) + 3*n(s). List the prime factors of d(-2).
2, 3
What are the prime factors of (-12 - -6) + (-1194)/(-3)?
2, 7
Let f = -1 + 20. Let t = f - 17. What are the prime factors of t?
2
Let j = -3 - -6. Suppose b = -2, j*a - b = -a + 38. List the prime factors of a.
3
Let v(j) be the second derivative of j**5/20 - j**4/12 + j**3/6 + 3*j**2 - 4*j. What are the prime factors of v(0)?
2, 3
Let r be 4/10 + 3/5. Let f = r - -4. List the prime factors of f.
5
Suppose 2*k - 15 = -3*k, -2*g = -2*k - 748. List the prime factors of g.
13, 29
Let m(f) = -f + 12. Let l be m(6). Let w = l - -8. What are the prime factors of w?
2, 7
Suppose -3*p - 4*s + 62 = 0, 0 = 2*s - 3*s + 2. Suppose -5*k - c = -p, -5*k + 5*c + 9 = 3*c. Let r = k - 0. What are the prime factors of r?
3
Let o = 6 - 4. Suppose o*d - 86 = 12. Suppose 0 = m - 1, -5*g + m + d = 0. What are the prime factors of g?
2, 5
Let i be 4/3 + (-14)/(-21). Suppose 0 = 4*d - 5*q - 0*q - 20, i*d - 5*q = 0. List the prime factors of d.
2, 5
Let d(v) = -v**3 + 4*v**2 - 1. Let j = 7 + -3. Let k be d(j). List the prime factors of (-1 + k/5)*-15.
2, 3
What are the prime factors of (-4)/6 - 280/(-15)?
2, 3
What are the prime factors of (-27)/(-1) - 0 - -3?
2, 3, 5
Let i(s) be the first derivative of s**3/2 - 3*s**2/2 + 2*s - 1. Let q(r) be the first derivative of i(r). List the prime factors of q(2).
3
Let f(p) = 2*p - 3 + 0*p**2 + 3*p + p**2. Let o be f(-6). List the prime factors of (o - 15/6)*22.
11
List the prime factors of 3 + -2 + 17 + 3.
3, 7
Let c be (-18)/(-24) - (-69)/4. Suppose -c = -2*z + 4*p, -48 = -2*z + 2*p - 4*p. List the prime factors of z.
19
Suppose 0 = 4*m + 4*z - 22 + 2, -15 = 2*m - 3*z. Suppose -s = 4*d + 14, m = 5*s - 3*d - 1 - 44. Suppose 44 = s*p - 2*p. List the prime factors of p.
11
Suppose -12 = 4*u, 2*m + 2*u - 439 = -3*m. What are the prime factors of m?
89
Let f(m) = m**3 + 10*m**2 + 7. Let j be f(-10). Let o(p) = p - 1. What are the prime factors of o(j)?
2, 3
What are the prime factors of 504/(-28)*1*(-2)/6?
2, 3
Let r(q) be the first derivative of -q**4/4 + 5*q**3/3 - q**2 - 4*q + 1. Let x be r(3). What are the prime factors of (-5)/(-20) - (-70)/x?
3
Let p(y) = y**3 + 6*y**2 - 9*y - 9. Let s be p(-7). Suppose 0*t - 5*t = -s. List the prime factors of 56/20 - t/(-5).
3
Let r = 96 + -56. List the prime factors of r.
2, 5
Let z(k) = k**3 - 8*k**2 - 49*k. List the prime factors of z(13).
2, 13
Let b(r) be the third derivative of -r**6/120 + r**5/15 - r**4/24 + 2*r**3/3 + r**2. What are the prime factors of b(3)?
2, 5
Let v be 6/10 + 27/5. Let u = -3 + v. List the prime factors of u.
3
Let t = 161 - 107. List the prime factors of t.
2, 3
Suppose -72 = -b + 3*v - 5*v, 5*v = -15. List the prime factors of b.
2, 3, 13
Suppose -q + 3*o = 2*q + 9, 0 = 4*q + 5*o + 39. What are the prime factors of ((-60)/(-25))/(q/(-20))?
2
Let f = 291 - 203. List the prime factors of f.
2, 11
Suppose 2*i + 3*p - 9 = 0, p + 4*p = i + 2. Suppose -i = -2*t + 9. What are the prime factors of t?
2, 3
What are the prime factors of ((-16)/20)/(4/(-210))?
2, 3, 7
Suppose -3*a + 524 = 4*q, -7*a + 3*a = -4*q + 496. List the prime factors of q.
2
Let p be (18/(-4))/(4/(-16)). Let b = -15 + p. List the prime factors of b.
3
Let w(n) = 0*n**2 - 3*n**2 - 3*n**3 - 5 + 2*n**3 + 2*n + 0*n. Let t = 5 + -9. List the prime factors of w(t).
3
Suppose h - 47 = -0*h - 4*s, -h + 33 = -3*s. What are the prime factors of h?
3, 13
Let h = 446 - 222. List the prime factors of h.
2, 7
What are the prime factors of (-1888)/(-56) + 2/7?
2, 17
Let y(q) = q**3 - 5*q**2 + q - 2. Let h be y(5). Suppose 0 = -0*g + h*g - 81. List the prime factors of g.
3
Let m be ((-3)/2)/(2/(-24)). Let b = m - 6. What are the prime factors of b?
2, 3
Let g = 0 - -3. Suppose -4 = g*c - 1. Let m = c + 4. What are the prime factors of m?
3
Suppose 0 = -u + 5, 2*y + y - u - 43 = 0. List the prime factors of (y - -21)*(0 - -1).
37
Let j = 297 - 146. List the prime factors of j.
151
Suppose 0 = -9*o 